 282. What is the units digit of s?
2
Let d(x) = -4*x + 1. Let h(l) = -9*l + 1. Let c(u) = -14*d(u) + 6*h(u). What is the units digit of c(8)?
8
What is the tens digit of (6 - -15)/((-2)/(-4))?
4
Let x = 206 - 146. What is the tens digit of x?
6
Let t(b) = 12*b**2 - 10*b + 5. What is the hundreds digit of t(4)?
1
Let m be ((-1)/(-2))/((-3)/(-18)). Suppose 4*t + 0*f - 2*f = 4, 5*f - 11 = m*t. What is the units digit of (0 + 1)*-1 + t?
2
Suppose 5*t - 7*d + 3*d = 338, -3*d - 72 = -t. What is the units digit of t?
6
Let j(n) = -n**2 + 2*n + 2. Let u be 1 - 3/((-6)/4). Let o be j(u). What is the units digit of (o - -11) + (-4)/(-4)?
1
Let c(g) = 2*g**3 - 4*g + 3. Let q be 4/(-8) - 5/(-2). What is the units digit of c(q)?
1
Suppose -5*p = -5*x - 0*p + 80, -5*x - 5*p + 70 = 0. Let g = x + -14. What is the units digit of g?
1
Suppose -12*u + 5615 = 635. What is the hundreds digit of u?
4
Suppose 2*c - 5 = 5*p, p = c + 2*p - 6. Suppose 10*s - n - 25 = c*s, -5*s + 25 = 5*n. What is the units digit of s?
5
Let n = -2 + 6. Suppose -3*c - 3*r = -r - 4, -16 = -2*c - n*r. Let g = c - -12. What is the tens digit of g?
1
Let z(p) = -p**3 + 4*p**2 - 3*p + 4. Let x be z(4). Let b = x + 13. Let a(g) = -g + 12. What is the units digit of a(b)?
7
Suppose -d + 1 + 2 = 0. Suppose -1 = -d*r + 14. What is the units digit of r?
5
Suppose 6*m = m + 75. Let f be (-2)/(-4)*0 + m. Suppose 0 = -v - 0*v + f. What is the tens digit of v?
1
Let z be -1*-4*(-3)/12. What is the tens digit of z/(-1 - (-36)/37)?
3
Suppose c = 231 - 94. What is the tens digit of c?
3
Let o = -18 + 58. Suppose -o = 5*x - 180. What is the units digit of x?
8
Suppose 28*c - 26*c - 320 = 0. What is the hundreds digit of c?
1
Let q be (-1 + -16)*(0 + -1). Let k = q - 12. What is the units digit of k?
5
Let g be 0*1/2 + 2. Suppose 5*d = 4*n + 51, -d - 5 = n + g*n. What is the units digit of d?
7
Let z(g) = 2*g**2 + 11*g - 2. Suppose -4*l - j + 9 = -5*l, -42 = 5*l - 2*j. What is the tens digit of z(l)?
3
Let t = -15 - -5. What is the units digit of (-12)/t - (-5)/(-25)?
1
Suppose 0 = 5*g + 2*h - 3*h - 13, 3*g - 2*h - 12 = 0. Let j = 11 - g. What is the units digit of j?
9
Let j = -5 + 3. What is the units digit of 10 + -1 + j/2?
8
Suppose -2*o + 8*o + 60 = 0. What is the units digit of ((-36)/o)/(4/10)?
9
Let g = -3 + 7. Let l be g/(-10) - (-12)/5. Let m(p) = -p**3 + 3*p**2 + p - 2. What is the units digit of m(l)?
4
Let y be 14 - ((2 - 2) + 1). Let b(k) = k + 2. Let v be b(2). Let x = y - v. What is the units digit of x?
9
Let f(o) = o**3 - 24*o**2 + 26*o + 21. What is the units digit of f(23)?
0
Let c be 1832/18 - 6/(-27). Suppose 111 = 5*l - 2*n, -5*l + 10*l + n = c. What is the units digit of l?
1
Let i be 3/((-6)/2)*22. Let x(d) = -12*d**2 + d. Let z be x(-1). Let r = z - i. What is the units digit of r?
9
Let s(t) be the first derivative of t**3/3 + 11*t**2/2 + 11*t - 3. Let g be s(-8). Let w = g - -28. What is the tens digit of w?
1
Let c(y) = 5*y**3 - 2*y**2 + 2*y - 1. Let x be c(1). Suppose 0 = -k + 2, 0*q - x*q = 2*k - 32. Let f(z) = -z**2 + 8*z - 4. What is the units digit of f(q)?
3
Suppose 2*g + 5 = 5*k, -11 = k - 3*k - g. Suppose -2*h - 3*h + 40 = 0. Suppose q - h = -k*q. What is the units digit of q?
2
Suppose 0 = d - 5*d + 324. Suppose 4*j + g - d = 0, 3*j - 4*g - 46 = 29. Suppose -4*z - l + j = -6*l, 0 = -z + 2*l + 6. What is the units digit of z?
4
Let q(k) = 3*k + 1. Let z be q(5). Suppose -5*g = -121 + z. What is the tens digit of g?
2
Let f = 25 - 4. Suppose 0 = 4*t + 9 - f. Suppose -4*q = t*x - 10, -4*q + 4 = -2*x + 24. What is the units digit of x?
6
Let z = -5 - -5. Suppose 2*a - 48 + 2 = z. What is the tens digit of a?
2
Let f(d) = d**2 - 7*d - 11. Suppose -y + 9 = -0*y - 2*j, 0 = 2*j. What is the units digit of f(y)?
7
Let y = 11 + 58. What is the tens digit of y?
6
Let s(u) = u**2 - 4. What is the units digit of s(3)?
5
Let m(t) = t**2 + 14*t + 15. Let p be m(-10). Let b = p + 66. What is the tens digit of b?
4
Suppose -5*q + 2*x = -212, 5*q - 4*x - 73 = 131. What is the units digit of q?
4
Let c be 750/(-8) - 10/40. Let f = -60 - c. What is the units digit of f?
4
Suppose -3*d - 2*q + 5*q = -126, d - 54 = -3*q. What is the tens digit of d?
4
Suppose 3*u - o = 630, u = 5*u - 2*o - 842. What is the hundreds digit of u?
2
Let m(r) = r + 6. Let j be 1/(0 + (-1)/3). Let s(i) = i + 5. Let f(y) = j*m(y) + 4*s(y). What is the units digit of f(0)?
2
Let w(g) = 90*g**3 + g - 2. What is the units digit of w(1)?
9
Let c = 11 - 8. Suppose -c*l - 2*l = -2*u + 24, 4*l + 22 = 3*u. What is the units digit of u?
2
Suppose -3*z + z - 160 = -3*q, 175 = 4*q + 5*z. What is the units digit of q?
0
Let i(v) = v**2 + 21*v + 51. What is the tens digit of i(-23)?
9
What is the tens digit of 2/(-9) - 2080/(-45)?
4
Let v be -2 - (-3 - (-1)/(-1)). What is the units digit of v*3/(-6)*-1?
1
Let g = 4 - 5. Let b(p) = -21*p**3 + 2*p + 1. What is the tens digit of b(g)?
2
Let o(t) = 2*t + 4 - 8 + 0*t - 3*t**2 - t**3. Suppose -z + 3 = 7. What is the units digit of o(z)?
4
Let d = 4 + -2. Let j be 13/5 - 9/15. Suppose f = q - j, q - f - 10 = -d*f. What is the units digit of q?
6
Let p be 2 + 0 + -3 + 23. Let x = p + -15. Suppose x = 5*r - 18. What is the units digit of r?
5
What is the tens digit of 1 - ((2 - 60) + -2)?
6
Let c(r) be the first derivative of -r**3/3 + 3*r**2/2 + 2*r + 2. Let h be 4/(8/2) - -2. What is the units digit of c(h)?
2
Suppose -4*b = -6*n + n + 532, b + 430 = 4*n. What is the tens digit of n?
0
Let j(p) = p**2 + 2*p - 3. Let w be 4/(-6)*(-15)/(-2). What is the tens digit of j(w)?
1
Let i(y) = 42*y**3 - y**2 + 2*y - 1. What is the units digit of i(1)?
2
What is the tens digit of 1860/48 + (-3)/4?
3
Let g = -14 + 22. What is the units digit of g?
8
Let o be (4/6)/(2/15). Suppose 19 = o*m - 36. What is the units digit of m?
1
Suppose 5*t + 2*a - 10 = 0, 3*t + 0 - 6 = 3*a. Suppose 0 = v + t*y - 38, 21 - 6 = -5*y. What is the tens digit of v?
4
Let x(t) = 2*t**2 - 15*t - 5. Let r be x(8). Suppose 4*w = -r*f + 125, w + 3*f = 2*f + 31. What is the tens digit of w?
3
Suppose -2*g = 3*g - 85. What is the units digit of g?
7
Suppose 0*q + 92 = 4*p - 4*q, 2*q = -p + 8. Let k = -17 + p. What is the units digit of k?
1
Let y = 1 + 5. Let f(i) = i + 4*i + 2 - y*i. What is the units digit of f(-5)?
7
Suppose 3*r - 319 = -h, 5*r = 8*r - h - 323. What is the units digit of r?
7
Let x be ((-9)/3)/(-1)*1. Suppose -x*p + 30 = 2*p. What is the units digit of (p/(-5))/(6/(-15))?
3
Suppose 8 = -5*p - 7. Let f be 3/p*2*-1. Suppose -l + f*l = 1. What is the units digit of l?
1
Suppose 4*p = 4*m - 4, 4*p - 5*m = 6*p - 12. What is the tens digit of (p*-5)/(5/(-15))?
1
Let c(t) be the third derivative of 13*t**4/24 + 3*t**3/2 - t**2. Let m(w) = 3*w + 2. Let l(y) = -4*c(y) + 18*m(y). What is the units digit of l(6)?
2
Let f(a) = a**3 + 5*a**2 - 9*a - 2. Let z be f(-6). Let n = z + -6. What is the units digit of n?
0
What is the hundreds digit of ((-366)/60*-12)/((-2)/(-5))?
1
Let n = 40 + -16. What is the units digit of n?
4
Suppose -3*s + 12 = -0*s. Let f be 14 + 2/4*s. Suppose -2*a + 6*a = f. What is the units digit of a?
4
Suppose 2*r - 64 = 3*v - 333, 12 = -3*r. What is the tens digit of v?
8
Suppose 12 = 3*d + 4*g, 0*g + g - 37 = -5*d. What is the units digit of d?
8
Suppose c = 6 - 5. What is the units digit of c?
1
Let k be (2 - 4) + (0 - 1). Let w = k - 1. What is the units digit of 10/w*6/(-3)?
5
Let t(x) = x**2 - 10*x + 6. What is the tens digit of t(11)?
1
Let j = -26 + 17. What is the tens digit of ((-20)/(-3))/((-6)/j)?
1
Suppose -8*h = -6*h + 8. What is the units digit of (-2)/((16/58)/h)?
9
Let b = 14 + 16. What is the tens digit of b?
3
Suppose 2*q = 4*q - 74. Suppose 4*m = 123 + q. What is the tens digit of m?
4
Let x(u) = 8*u + 126. What is the hundreds digit of x(0)?
1
Let u(l) = 47*l**2 + 3*l - 2. What is the units digit of u(1)?
8
Suppose -29 = 5*r + 26. Let q be (-1)/3*(r - 1). What is the units digit of q/10 - 36/(-10)?
4
Suppose -4*o + 3*n = -1084, -o + 264 = 4*n - 3*n. What is the tens digit of o?
6
Let w be (0 + -1 + 0)*11. Let m = -6 - w. What is the units digit of m?
5
Suppose 0 = -2*n + 3*n - 3. Let v be n/24*-2*-20. Suppose 3*a - 4*a = -5, a + 80 = v*k. What is the units digit of k?
